etermine f(a).
-15
Let d be (2/7*2)/((-46)/(-805)). Let l(f) = -3*f - 2. Determine l(d).
-32
Let v = -22 - -19. Let q(d) = 2*d**3 - 2*d**2 - 3*d + 1. Let u(t) = -1 - 2*t**2 - 2*t + t**3 + 2 + 0. Let j(b) = -2*q(b) + 3*u(b). What is j(v)?
10
Suppose -57*y + 11 = -56*y. Let l(d) = -d**3 + 10*d**2 + 8*d + 7. Give l(y).
-26
Let t(v) = -3*v**2 + 0*v**3 + 7*v**2 - 3 + v**3 - 5*v**2 - 2*v. Let i be -18*(3 + 10/(-3)). Suppose 0 = 8*b - 6*b - i. Determine t(b).
9
Let x(u) = -u**3 - 5*u**2 + 7*u + 1. Let m(r) = 2*r**2 - 5*r - 2. Let h be m(3). Let i be -10 + (h + -4 - -7). Give x(i).
-5
Let x(q) = 20*q - 5. Let b(n) = 10*n - 3. Let k(r) = 7*b(r) - 4*x(r). Suppose 5*h + 5*t - 78 = -23, -4*t + 35 = 3*h. Suppose 2*u + h = 7. Determine k(u).
9
Let w(t) = t - 1. Suppose 224 = 132*q - 100*q. Calculate w(q).
6
Let b(u) be the second derivative of -1/20*u**5 + 0 + 1/2*u**2 - u + 1/6*u**3 - 1/12*u**4. Calculate b(0).
1
Let b(p) = -3*p**3 + 30*p**2 - 24*p - 37. Let i(u) = u**3 - 10*u**2 + 8*u + 12. Let o(v) = -4*b(v) - 11*i(v). Determine o(9).
7
Let q(z) = -43*z**2 + 10*z - 9. Let b(g) = -11*g**2 + 2*g - 1. Let c(p) = -4*b(p) + q(p). Calculate c(3).
10
Let c(y) = -y**3 - 14*y**2 + 9*y + 14. Let s(t) = -4*t**3 - 42*t**2 + 27*t + 42. Let k(w) = -7*c(w) + 2*s(w). Calculate k(13).
38
Let g(v) = v**3 + 7*v**2 + v + 1. Let s(c) = -c**3 - 7*c**2 - 2*c - 2. Let m be ((-3)/6)/(19/10 - 2). Let u(y) = m*g(y) + 6*s(y). Calculate u(-6).
-1
Let a(i) = i**3 + 3*i**2 - 7*i - 6. Let m(j) = 88*j + 26. Let t be m(-2). Let z = -154 - t. Determine a(z).
6
Suppose 4 = -2*o + a, -5*o - 5*a - 12 = -7*a. Let k(d) = d**2 + 6*d + 5. Calculate k(o).
-3
Let c(g) = -g**3 + 45*g**2 + 46*g - 1. Let x be c(46). Let b(l) = -18*l**3 - l**2. Calculate b(x).
17
Let n(c) = -3*c + 3. Let k be 2/(-6) - (-70)/(-6). Let t(s) = -s**2 - 12*s + 6. Let z be t(k). Give n(z).
-15
Let t = 1 + -1. Suppose t = i + 4*i - 20. Let w(f) = f - 1. Calculate w(i).
3
Let a(l) = -5*l**2 + 6*l + 1. Let x(n) = 4*n**2 - 5*n - 2. Suppose 8*h = 1 + 23. Suppose j - 2*j = -h. Let z(m) = j*a(m) + 4*x(m). Give z(-4).
19
Let s(a) = a**2 - 8*a - 12. Let u = -4 + 36. Let i = -23 + u. Determine s(i).
-3
Suppose 0 = 4*v + 16, 0 = w - v - 4 - 5. Suppose z = o, -w*z + 14 = 2*o - 0. Suppose -2*h + 2*k = z + 4, 5*h - 3*k + 9 = 0. Let a(d) = -d - 18. Give a(h).
-18
Let g(q) = 10*q**2 - 6*q + 7. Let u(t) = -t**2 + t - 1. Let r(j) = g(j) + 6*u(j). Calculate r(-1).
5
Let s(q) = -q**3 + 3*q**2 - 5*q - 8. Let h(z) = -z**3 + 3*z**2 - 4*z - 7. Let l = 22 + -28. Let m(w) = l*s(w) + 7*h(w). Determine m(4).
-9
Let g(k) = -2 + 0*k + 7*k - k**2 - 4*k + 0*k. Let j = -894 + 896. Calculate g(j).
0
Let m(f) = 24 + 13*f - 9*f - 25. Suppose 0 = -20*g + 11 + 9. Determine m(g).
3
Suppose 2*j = 4*j - 4, 3*d + 2*j - 187 = 0. Let p = d - 55. Let c(h) = h**2 - 7*h + 1. Determine c(p).
-5
Let k(v) = -3*v**2 - v**3 - 4 + 8*v**2 + 5*v**2 - 4 + 0*v**2 + 12*v. What is k(11)?
3
Let z(j) = j**2 + 10*j + 11. Let r be 4/(7 + (-60)/8). What is z(r)?
-5
Let z(h) = -h**3 - 3*h**2 + h + 2. Let a be z(-3). Let f(o) = o**2 + o. Let u(j) = 35*j**2 + 30*j. Let l(p) = -30*f(p) + u(p). What is l(a)?
5
Let s = 91 + -69. Suppose -s*m = -24*m - 4. Let v(d) = -7*d + 1. Calculate v(m).
15
Suppose 0 = -c - 0*c - 3. Let z(y) = 4. Let q(b) = -b - 4. Let r(t) = c*q(t) - 4*z(t). Calculate r(3).
5
Suppose -4*v = -25*v + 84. Let o(z) = -z**2 + 7*z - 5. Determine o(v).
7
Let g(l) = 4*l - l - 1 + 0*l. Determine g(-1).
-4
Let y be (56/20 - 2)/((-4)/(-90)). Let f(i) = -6 + y - 11*i**2 - 11. Give f(1).
-10
Let x be 10 - ((1 - 13) + 24). Let y(d) = -4*d**3 + 2*d - 1. Calculate y(x).
27
Let s = -870 + 864. Let n(c) = c**3 + 6*c**2 + c - 8. Calculate n(s).
-14
Let x(m) = 10*m**2 - m**2 - 7*m - 10*m**2 + 14*m + 1. Let s = -16 - -22. Suppose 6 = 2*j - s. Give x(j).
7
Let o(x) = -2*x**3 + 21*x**2 - 7*x - 20. Let t(a) = a**3 - 10*a**2 + 2*a + 10. Let q(v) = 3*o(v) + 7*t(v). Determine q(8).
18
Let x be 6*1 + (-6 - -5). Let s be (x/(-20))/((-1)/12). Let k(p) = 7*p**2 - s + 6*p - 5*p + 3. What is k(1)?
8
Let f(j) be the first derivative of -5*j**2/2 - 6*j - 20. Let v be f(-2). Let n(i) = 2*i**2 - 4*i + 4. Determine n(v).
20
Let z(u) = -31 - 3*u**2 - 31 - 7*u**2 + 2*u + 61. Let d(n) = -n - 2. Let s be d(-3). Calculate z(s).
-9
Let h(j) be the second derivative of -j**5/20 - j**4/3 + j**3/3 - 2*j**2 + 7*j + 28. Calculate h(-4).
-12
Let j(n) = -2*n**3 + 3*n**2 - 5*n + 1. Let r be j(0). Let k(g) = 3*g + 2. Calculate k(r).
5
Let h(w) = 3*w + 9. Let k(l) = 6*l - 29. Let r be k(4). Determine h(r).
-6
Let o = -3 + 10. Suppose k + 1 + 7 = 3*p, -4*k + 2*p = -18. Let x(h) = k*h + o*h**2 + 4 + 6 - 8 + h**3 - 1. Give x(-6).
-5
Let p(l) = -5*l + 31. Let x be (-16)/6*9*(-1)/4. Calculate p(x).
1
Let w = -101 + 103. Let j(s) = -21*s + 4 + 23*s + 2*s**2 - 3*s**w. Give j(3).
1
Let x = 1968 + -1966. Let h(u) = -2*u**3 + 4*u - 3. Calculate h(x).
-11
Let s(d) = 5 + 1 - 7*d + 8 - 21. Let r be s(-2). Let w(m) = -m**2 + 9*m - 5. What is w(r)?
9
Let g(v) = v + 1. Let w be ((1 - 2) + 2)*3. Let b(u) = u + 3. Let x(l) = w*b(l) - 5*g(l). What is x(-3)?
10
Let z(o) = o**3 - 4*o**2 - 12. Let n be z(5). Let v(u) = 0 + 34*u - n*u - 3 + u**2 - 11*u. Determine v(-9).
-12
Let j = 66 + -66. Let q be 7/2 + 1/2. Let h(f) = f + j*f - q*f + f**2 + 0*f. Determine h(3).
0
Let w(c) be the first derivative of c**4/4 - 3*c**3 + 7*c**2/2 + 8*c - 2. Suppose 89 = 26*u - 119. Calculate w(u).
0
Let d(a) = 4*a**3 - a**2 + a. Let f(w) = 9*w**3 - 25*w**2 - 24*w + 52. Let q(g) = -2*d(g) + f(g). Determine q(24).
4
Let w be (-12)/(-5) - 10/25. Let a(c) = -18*c**3 - c**2 - 4*c**w + 7 + 11*c**3 + 8*c**3. Calculate a(5).
7
Let r(c) = c**2 - 2*c + 1. Let x(h) = 206 - 103 + 3*h - 20. Let j be x(-27). Give r(j).
1
Let r(t) = -t**3 - 3*t**2 + 3*t + 2. Suppose -30 = -2*h + 3*z + z, -3*h = -z - 25. Suppose -h*l - 20 = -6. What is r(l)?
-8
Suppose 0 = 5*p - 2*p + 18. Let n be -22*(-1)/(-4 - p). Suppose -f + 25 = 4*s, 3*s = 2*f + 16 + n. Let c(g) = g**2 - 5*g - 8. Calculate c(s).
6
Let x(n) = 0 + 7 + 6 - 3 - n + 13. What is x(18)?
5
Let b = 135 + -121. Let z = b - 12. Let i(d) = -3*d**3 + 2*d**2 + d + 1. What is i(z)?
-13
Let p be 2/3 + (-8)/(-6). Let y be 6/(-7)*(p + -9). Suppose 14 = 5*o - y. Let i(x) = -2*x + 4. Calculate i(o).
-4
Let a(b) = 3*b + 2. Suppose -3*k - k + 9*k = 0. Suppose 0 = -2*l + 2*d - k*d - 2, -2*d + 11 = -5*l. Give a(l).
-7
Suppose -10*z = -6*z + 16. Let q be 20/6 + z/12. Suppose -f = -q*f + 2. Let w(p) = 11*p**2 + 2*p - 1. Give w(f).
12
Let j(b) = 115*b + 362. Let c be j(-3). Let r(v) = v**2 - 17*v. What is r(c)?
0
Let u(o) be the first derivative of -o**5/20 + 7*o**4/12 - o**2/2 - 18*o - 19. Let w(a) be the first derivative of u(a). Give w(7).
-1
Let m be (-7)/((-7)/(-4))*1. Let h = 13 + -11. Let g(n) = 3*n - 1 + 4*n - 5*n + h. Give g(m).
-7
Let j(t) = -t**2 + t - 1. Let u(b) = 11*b**2 + 5*b - 6. Let x(g) = 2*g**3 + 1. Let c be x(-1). Let s(d) = c*u(d) + 5*j(d). Give s(1).
-15
Let q(k) = -k**3 + 7*k**2 + k - 4. Let m be q(7). Let l(g) = 4*g + 6 - m*g - 5*g - 1 + g**2. Give l(4).
5
Let a(r) = r**3 + 4*r**2 + r - 1. Let v = 395 + -399. Calculate a(v).
-5
Let t be ((-2)/21*7)/((-1)/(-6)). Let l(v) be the third derivative of 1/60*v**5 + 1/8*v**4 - v**2 + 0 + 0*v + 1/3*v**3. Determine l(t).
6
Let b(m) = 9 - 19 + 5 + 5*m. What is b(8)?
35
Let k = -98 + 96. Let y(w) = -2*w**2 - w + 2. Let o(g) = -g**3 - g**2 + g. Let z(t) = k*o(t) - y(t). Give z(-3).
-17
Suppose 5*r - 10 = -x + 2, 5*x + 18 = r. Suppose 4*m = -r*m - 42. Let f(q) = 2*q + 7. Calculate f(m).
-5
Suppose 0 = 4*g + 4 + 24. Let o(r) be the first derivative of r**3/3 + 7*r**2/2 - r + 1827. Give o(g).
-1
Suppose -2*z + 3*z - 2 = -q, 2*z + q = 8. Let a(w) be the second derivative of -w**5/20 + w**4/2 - w**3/6 - 2*w**2 - 3*w. Give a(z).
-10
Suppose 3*w - 12 = 3*g, -13*w + 9*w + 20 = -2*g. Let v(l) = l - 7. Calculate v(w).
-1
Suppose a - 3 = -2*l + l, 0 = 4*l + 12. Let m(z) be the third derivative of z**5/60 - z**4/3 + 2*z**3/3 - 255*z**2. Give m(a).
-8
Let k(f) = f**3 - 3*f**2 + 4*f - 2. Suppose 11 = 4*u + u - 2*g, 0 = -3*u + g + 6. What is k(u)?
0
Let p be (-2)/2 + (11 - -2). Let a be (p/(-10))/(1/5). Let k(j) be the second derivative of j**5/20 + 7*j**4/12 + j**3/2 - 7*j**2/2 + 606*j. Determine k(a